{"id":246,"date":"2017-01-20T12:12:56","date_gmt":"2017-01-20T11:12:56","guid":{"rendered":"http:\/\/www.fisch-mm.de\/?page_id=246"},"modified":"2019-01-02T09:29:49","modified_gmt":"2019-01-02T08:29:49","slug":"willkommen","status":"publish","type":"page","link":"https:\/\/www.fisch-mm.de\/","title":{"rendered":"Willkommen bei Ihrem Fischfachhandel M\u00fcller \u2013 Mehrholz"},"content":{"rendered":"<p><img loading=\"lazy\" decoding=\"async\" class=\"size-full wp-image-256 aligncenter\" src=\"https:\/\/www.fisch-mm.de\/wordpress\/wp-content\/uploads\/2017\/01\/start_g.jpg\" alt=\"\" width=\"636\" height=\"300\" srcset=\"https:\/\/www.fisch-mm.de\/wordpress\/wp-content\/uploads\/2017\/01\/start_g.jpg 636w, https:\/\/www.fisch-mm.de\/wordpress\/wp-content\/uploads\/2017\/01\/start_g-300x142.jpg 300w\" sizes=\"auto, (max-width: 636px) 100vw, 636px\" \/><\/p>\n<p>&nbsp;<\/p>\n<p>&nbsp;<\/p>\n<p>Wer uns nicht kennt, sollte uns sp\u00e4testens jetzt kennen lernen.<br \/>\nSeit \u00fcber 50 Jahren gibt es das Familienunternehmen MEHRHOLZ.<br \/>\nSeit 1999 f\u00fchren mein Mann und ich unseren eigenst\u00e4ndigen Fischfachhandel<\/p>\n<p><strong><a href=\"https:\/\/www.fisch-mm.de\/wordpress\/wp-content\/uploads\/2017\/01\/logo.gif\"><img loading=\"lazy\" decoding=\"async\" class=\"alignnone size-full wp-image-249\" src=\"https:\/\/www.fisch-mm.de\/wordpress\/wp-content\/uploads\/2017\/01\/logo.gif\" alt=\"\" width=\"400\" height=\"193\" \/><\/a><\/strong><\/p>\n<p><strong>Wir bieten:<\/strong><\/p>\n<p>&#8211; wechselde Angebote<\/p>\n<p>&#8211; Lieferservice<\/p>\n<p>&#8211; Partyservice<\/p>\n<p>&#8211; Backfisch\/Kibbelinge<\/p>\n<p>&#8211; Gutscheine<\/p>\n<p>u.v.m<\/p>\n","protected":false},"excerpt":{"rendered":"<p>&nbsp; &nbsp; Wer uns nicht kennt, sollte uns sp\u00e4testens jetzt kennen lernen. Seit \u00fcber 50 Jahren gibt es das Familienunternehmen MEHRHOLZ. Seit 1999 f\u00fchren mein Mann und ich unseren eigenst\u00e4ndigen Fischfachhandel Wir bieten: &#8211; wechselde Angebote &#8211; Lieferservice &#8211; Partyservice &#8211; Backfisch\/Kibbelinge &#8211; Gutscheine u.v.m<\/p>\n","protected":false},"author":1,"featured_media":365,"parent":0,"menu_order":0,"comment_status":"closed","ping_status":"closed","template":"","meta":{"footnotes":""},"class_list":["post-246","page","type-page","status-publish","has-post-thumbnail","hentry"],"_links":{"self":[{"href":"https:\/\/www.fisch-mm.de\/index.php?rest_route=\/wp\/v2\/pages\/246","targetHints":{"allow":["GET"]}}],"collection":[{"href":"https:\/\/www.fisch-mm.de\/index.php?rest_route=\/wp\/v2\/pages"}],"about":[{"href":"https:\/\/www.fisch-mm.de\/index.php?rest_route=\/wp\/v2\/types\/page"}],"author":[{"embeddable":true,"href":"https:\/\/www.fisch-mm.de\/index.php?rest_route=\/wp\/v2\/users\/1"}],"replies":[{"embeddable":true,"href":"https:\/\/www.fisch-mm.de\/index.php?rest_route=%2Fwp%2Fv2%2Fcomments&post=246"}],"version-history":[{"count":13,"href":"https:\/\/www.fisch-mm.de\/index.php?rest_route=\/wp\/v2\/pages\/246\/revisions"}],"predecessor-version":[{"id":369,"href":"https:\/\/www.fisch-mm.de\/index.php?rest_route=\/wp\/v2\/pages\/246\/revisions\/369"}],"wp:featuredmedia":[{"embeddable":true,"href":"https:\/\/www.fisch-mm.de\/index.php?rest_route=\/wp\/v2\/media\/365"}],"wp:attachment":[{"href":"https:\/\/www.fisch-mm.de\/index.php?rest_route=%2Fwp%2Fv2%2Fmedia&parent=246"}],"curies":[{"name":"wp","href":"https:\/\/api.w.org\/{rel}","templated":true}]}}